{"id":1590,"date":"2024-07-11T02:17:14","date_gmt":"2024-07-11T00:17:14","guid":{"rendered":"https:\/\/climr32.fr\/?page_id=1590"},"modified":"2024-07-11T02:17:14","modified_gmt":"2024-07-11T00:17:14","slug":"blog","status":"publish","type":"page","link":"https:\/\/climr32.fr\/index.php\/blog\/","title":{"rendered":"Blog"},"content":{"rendered":"","protected":false},"excerpt":{"rendered":"","protected":false},"author":1,"featured_media":0,"parent":0,"menu_order":0,"comment_status":"closed","ping_status":"closed","template":"","meta":{"site-sidebar-layout":"no-sidebar","site-content-layout":"","ast-site-content-layout":"full-width-container","site-content-style":"default","site-sidebar-style":"default","ast-global-header-display":"","ast-banner-title-visibility":"","ast-main-header-display":"","ast-hfb-above-header-display":"","ast-hfb-below-header-display":"","ast-hfb-mobile-header-display":"","site-post-title":"disabled","ast-breadcrumbs-content":"","ast-featured-img":"disabled","footer-sml-layout":"","ast-disable-related-posts":"","theme-transparent-header-meta":"","adv-header-id-meta":"","stick-header-meta":"","header-above-stick-meta":"","header-main-stick-meta":"","header-below-stick-meta":"","astra-migrate-meta-layouts":"default","ast-page-background-enabled":"default","ast-page-background-meta":{"desktop":{"background-color":"var(--ast-global-color-4)","background-image":"","background-repeat":"repeat","background-position":"center center","background-size":"auto","background-attachment":"scroll","background-type":"","background-media":"","overlay-type":"","overlay-color":"","overlay-opacity":"","overlay-gradient":""},"tablet":{"background-color":"","background-image":"","background-repeat":"repeat","background-position":"center center","background-size":"auto","background-attachment":"scroll","background-type":"","background-media":"","overlay-type":"","overlay-color":"","overlay-opacity":"","overlay-gradient":""},"mobile":{"background-color":"","background-image":"","background-repeat":"repeat","background-position":"center center","background-size":"auto","background-attachment":"scroll","background-type":"","background-media":"","overlay-type":"","overlay-color":"","overlay-opacity":"","overlay-gradient":""}},"ast-content-background-meta":{"desktop":{"background-color":"var(--ast-global-color-5)","background-image":"","background-repeat":"repeat","background-position":"center center","background-size":"auto","background-attachment":"scroll","background-type":"","background-media":"","overlay-type":"","overlay-color":"","overlay-opacity":"","overlay-gradient":""},"tablet":{"background-color":"var(--ast-global-color-5)","background-image":"","background-repeat":"repeat","background-position":"center center","background-size":"auto","background-attachment":"scroll","background-type":"","background-media":"","overlay-type":"","overlay-color":"","overlay-opacity":"","overlay-gradient":""},"mobile":{"background-color":"var(--ast-global-color-5)","background-image":"","background-repeat":"repeat","background-position":"center center","background-size":"auto","background-attachment":"scroll","background-type":"","background-media":"","overlay-type":"","overlay-color":"","overlay-opacity":"","overlay-gradient":""}},"footnotes":""},"class_list":["post-1590","page","type-page","status-publish","hentry"],"yoast_head":"<!-- This site is optimized with the Yoast SEO plugin v27.4 - https:\/\/yoast.com\/product\/yoast-seo-wordpress\/ -->\n<title>Blog -<\/title>\n<meta name=\"description\" content=\"ClimR32, frigoriste bas\u00e9 \u00e0 Argenteuil, propose des solutions de climatisation et de r\u00e9frig\u00e9ration. Couvrant l&#039;ensemble du territoire fran\u00e7ais, faites confiance \u00e0 notre savoir-faire pour l&#039;installation, la maintenance et le d\u00e9pannage.\" \/>\n<meta name=\"robots\" content=\"index, follow, max-snippet:-1, max-image-preview:large, max-video-preview:-1\" \/>\n<link rel=\"canonical\" href=\"https:\/\/climr32.fr\/index.php\/blog\/\" \/>\n<meta property=\"og:locale\" content=\"fr_FR\" \/>\n<meta property=\"og:type\" content=\"article\" \/>\n<meta property=\"og:title\" content=\"Blog -\" \/>\n<meta property=\"og:description\" content=\"ClimR32, frigoriste bas\u00e9 \u00e0 Argenteuil, propose des solutions de climatisation et de r\u00e9frig\u00e9ration. Couvrant l&#039;ensemble du territoire fran\u00e7ais, faites confiance \u00e0 notre savoir-faire pour l&#039;installation, la maintenance et le d\u00e9pannage.\" \/>\n<meta property=\"og:url\" content=\"https:\/\/climr32.fr\/index.php\/blog\/\" \/>\n<meta property=\"og:image\" content=\"https:\/\/climr32.fr\/wp-content\/uploads\/2024\/03\/cropped-cropped-LOGO-CLIMR32_Plan-de-travail-1.png\" \/>\n\t<meta property=\"og:image:width\" content=\"512\" \/>\n\t<meta property=\"og:image:height\" content=\"512\" \/>\n\t<meta property=\"og:image:type\" content=\"image\/png\" \/>\n<meta name=\"twitter:card\" content=\"summary_large_image\" \/>\n<script type=\"application\/ld+json\" class=\"yoast-schema-graph\">{\"@context\":\"https:\\\/\\\/schema.org\",\"@graph\":[{\"@type\":\"WebPage\",\"@id\":\"https:\\\/\\\/climr32.fr\\\/index.php\\\/blog\\\/\",\"url\":\"https:\\\/\\\/climr32.fr\\\/index.php\\\/blog\\\/\",\"name\":\"Blog -\",\"isPartOf\":{\"@id\":\"https:\\\/\\\/climr32.fr\\\/#website\"},\"datePublished\":\"2024-07-11T00:17:14+00:00\",\"description\":\"ClimR32, frigoriste bas\u00e9 \u00e0 Argenteuil, propose des solutions de climatisation et de r\u00e9frig\u00e9ration. Couvrant l'ensemble du territoire fran\u00e7ais, faites confiance \u00e0 notre savoir-faire pour l'installation, la maintenance et le d\u00e9pannage.\",\"breadcrumb\":{\"@id\":\"https:\\\/\\\/climr32.fr\\\/index.php\\\/blog\\\/#breadcrumb\"},\"inLanguage\":\"fr-FR\",\"potentialAction\":[{\"@type\":\"ReadAction\",\"target\":[\"https:\\\/\\\/climr32.fr\\\/index.php\\\/blog\\\/\"]}]},{\"@type\":\"BreadcrumbList\",\"@id\":\"https:\\\/\\\/climr32.fr\\\/index.php\\\/blog\\\/#breadcrumb\",\"itemListElement\":[{\"@type\":\"ListItem\",\"position\":1,\"name\":\"Accueil\",\"item\":\"https:\\\/\\\/climr32.fr\\\/\"},{\"@type\":\"ListItem\",\"position\":2,\"name\":\"Blog\"}]},{\"@type\":\"WebSite\",\"@id\":\"https:\\\/\\\/climr32.fr\\\/#website\",\"url\":\"https:\\\/\\\/climr32.fr\\\/\",\"name\":\"ClimR32\",\"description\":\"\",\"publisher\":{\"@id\":\"https:\\\/\\\/climr32.fr\\\/#organization\"},\"potentialAction\":[{\"@type\":\"SearchAction\",\"target\":{\"@type\":\"EntryPoint\",\"urlTemplate\":\"https:\\\/\\\/climr32.fr\\\/?s={search_term_string}\"},\"query-input\":{\"@type\":\"PropertyValueSpecification\",\"valueRequired\":true,\"valueName\":\"search_term_string\"}}],\"inLanguage\":\"fr-FR\"},{\"@type\":\"Organization\",\"@id\":\"https:\\\/\\\/climr32.fr\\\/#organization\",\"name\":\"ClimR32\",\"url\":\"https:\\\/\\\/climr32.fr\\\/\",\"logo\":{\"@type\":\"ImageObject\",\"inLanguage\":\"fr-FR\",\"@id\":\"https:\\\/\\\/climr32.fr\\\/#\\\/schema\\\/logo\\\/image\\\/\",\"url\":\"https:\\\/\\\/climr32.fr\\\/wp-content\\\/uploads\\\/2024\\\/03\\\/cropped-cropped-LOGO-CLIMR32_Plan-de-travail-1-1.png\",\"contentUrl\":\"https:\\\/\\\/climr32.fr\\\/wp-content\\\/uploads\\\/2024\\\/03\\\/cropped-cropped-LOGO-CLIMR32_Plan-de-travail-1-1.png\",\"width\":512,\"height\":512,\"caption\":\"ClimR32\"},\"image\":{\"@id\":\"https:\\\/\\\/climr32.fr\\\/#\\\/schema\\\/logo\\\/image\\\/\"},\"sameAs\":[\"https:\\\/\\\/www.instagram.com\\\/climatisation.r32\\\/?utm_source=ig_web_button_share_sheet&igsh=ZDNlZDc0MzIxNw\",\"https:\\\/\\\/www.tiktok.com\\\/@clim.r32?is_from_webapp=1&sender_device=pc\"]}]}<\/script>\n<!-- \/ Yoast SEO plugin. -->","yoast_head_json":{"title":"Blog -","description":"ClimR32, frigoriste bas\u00e9 \u00e0 Argenteuil, propose des solutions de climatisation et de r\u00e9frig\u00e9ration. Couvrant l'ensemble du territoire fran\u00e7ais, faites confiance \u00e0 notre savoir-faire pour l'installation, la maintenance et le d\u00e9pannage.","robots":{"index":"index","follow":"follow","max-snippet":"max-snippet:-1","max-image-preview":"max-image-preview:large","max-video-preview":"max-video-preview:-1"},"canonical":"https:\/\/climr32.fr\/index.php\/blog\/","og_locale":"fr_FR","og_type":"article","og_title":"Blog -","og_description":"ClimR32, frigoriste bas\u00e9 \u00e0 Argenteuil, propose des solutions de climatisation et de r\u00e9frig\u00e9ration. Couvrant l'ensemble du territoire fran\u00e7ais, faites confiance \u00e0 notre savoir-faire pour l'installation, la maintenance et le d\u00e9pannage.","og_url":"https:\/\/climr32.fr\/index.php\/blog\/","og_image":[{"width":512,"height":512,"url":"https:\/\/climr32.fr\/wp-content\/uploads\/2024\/03\/cropped-cropped-LOGO-CLIMR32_Plan-de-travail-1.png","type":"image\/png"}],"twitter_card":"summary_large_image","schema":{"@context":"https:\/\/schema.org","@graph":[{"@type":"WebPage","@id":"https:\/\/climr32.fr\/index.php\/blog\/","url":"https:\/\/climr32.fr\/index.php\/blog\/","name":"Blog -","isPartOf":{"@id":"https:\/\/climr32.fr\/#website"},"datePublished":"2024-07-11T00:17:14+00:00","description":"ClimR32, frigoriste bas\u00e9 \u00e0 Argenteuil, propose des solutions de climatisation et de r\u00e9frig\u00e9ration. Couvrant l'ensemble du territoire fran\u00e7ais, faites confiance \u00e0 notre savoir-faire pour l'installation, la maintenance et le d\u00e9pannage.","breadcrumb":{"@id":"https:\/\/climr32.fr\/index.php\/blog\/#breadcrumb"},"inLanguage":"fr-FR","potentialAction":[{"@type":"ReadAction","target":["https:\/\/climr32.fr\/index.php\/blog\/"]}]},{"@type":"BreadcrumbList","@id":"https:\/\/climr32.fr\/index.php\/blog\/#breadcrumb","itemListElement":[{"@type":"ListItem","position":1,"name":"Accueil","item":"https:\/\/climr32.fr\/"},{"@type":"ListItem","position":2,"name":"Blog"}]},{"@type":"WebSite","@id":"https:\/\/climr32.fr\/#website","url":"https:\/\/climr32.fr\/","name":"ClimR32","description":"","publisher":{"@id":"https:\/\/climr32.fr\/#organization"},"potentialAction":[{"@type":"SearchAction","target":{"@type":"EntryPoint","urlTemplate":"https:\/\/climr32.fr\/?s={search_term_string}"},"query-input":{"@type":"PropertyValueSpecification","valueRequired":true,"valueName":"search_term_string"}}],"inLanguage":"fr-FR"},{"@type":"Organization","@id":"https:\/\/climr32.fr\/#organization","name":"ClimR32","url":"https:\/\/climr32.fr\/","logo":{"@type":"ImageObject","inLanguage":"fr-FR","@id":"https:\/\/climr32.fr\/#\/schema\/logo\/image\/","url":"https:\/\/climr32.fr\/wp-content\/uploads\/2024\/03\/cropped-cropped-LOGO-CLIMR32_Plan-de-travail-1-1.png","contentUrl":"https:\/\/climr32.fr\/wp-content\/uploads\/2024\/03\/cropped-cropped-LOGO-CLIMR32_Plan-de-travail-1-1.png","width":512,"height":512,"caption":"ClimR32"},"image":{"@id":"https:\/\/climr32.fr\/#\/schema\/logo\/image\/"},"sameAs":["https:\/\/www.instagram.com\/climatisation.r32\/?utm_source=ig_web_button_share_sheet&igsh=ZDNlZDc0MzIxNw","https:\/\/www.tiktok.com\/@clim.r32?is_from_webapp=1&sender_device=pc"]}]}},"_links":{"self":[{"href":"https:\/\/climr32.fr\/index.php\/wp-json\/wp\/v2\/pages\/1590","targetHints":{"allow":["GET"]}}],"collection":[{"href":"https:\/\/climr32.fr\/index.php\/wp-json\/wp\/v2\/pages"}],"about":[{"href":"https:\/\/climr32.fr\/index.php\/wp-json\/wp\/v2\/types\/page"}],"author":[{"embeddable":true,"href":"https:\/\/climr32.fr\/index.php\/wp-json\/wp\/v2\/users\/1"}],"replies":[{"embeddable":true,"href":"https:\/\/climr32.fr\/index.php\/wp-json\/wp\/v2\/comments?post=1590"}],"version-history":[{"count":1,"href":"https:\/\/climr32.fr\/index.php\/wp-json\/wp\/v2\/pages\/1590\/revisions"}],"predecessor-version":[{"id":1591,"href":"https:\/\/climr32.fr\/index.php\/wp-json\/wp\/v2\/pages\/1590\/revisions\/1591"}],"wp:attachment":[{"href":"https:\/\/climr32.fr\/index.php\/wp-json\/wp\/v2\/media?parent=1590"}],"curies":[{"name":"wp","href":"https:\/\/api.w.org\/{rel}","templated":true}]}}